9*l - 42*l - 5*z + 4532, -l + 5*z = -1484. What is the tens digit of l?
0
Suppose -4*a + 741 + 1711 = 0. What is the tens digit of a?
1
Let w(j) = 7*j**2 - 24*j + 28. What is the units digit of w(-22)?
4
Let l be (-1)/(-3 - 5/(-2)). Let n(a) = l*a - 7 - 7 - 1. What is the units digit of n(12)?
9
Suppose -4*h - 2*m = -0*m - 74, -m + 56 = 3*h. Let l = 49 + h. What is the units digit of l?
8
Let s = -108 + 111. What is the units digit of s?
3
Suppose 20*b - 28*b = -8200. What is the units digit of b?
5
What is the units digit of (-16)/(-4) + (-87)/(-3)?
3
Let k(a) = -a + 12. Let f be k(10). Let x be (-1 - f/2) + 7. What is the units digit of (13/5 + 1)*x?
8
Let o = 1364 - 1263. Suppose -64 = -k - 18. Let v = o - k. What is the tens digit of v?
5
Let n = -3 - -9. Suppose -18*c + 15*c - n = 0. What is the units digit of (-24)/c + 0/8?
2
Let p(o) = 2*o**2 + 8*o - 7. Let g be p(-8). Suppose -3*w + 15 = g. What is the units digit of 1095/35 - (-4)/w?
1
Let l = 48 - -15. Suppose 3*c - 2*c - 51 = -2*d, -2*d + l = 5*c. What is the units digit of d?
4
Let y = -112 - -163. Suppose -2*l + u = -y, 3*l - 4*u - 69 = -0*l. Suppose -l = -a - 2*v, -4*v + 117 = 4*a - 3. What is the tens digit of a?
3
Let j(y) = 5*y**2 + 118*y - 216. What is the thousands digit of j(-44)?
4
Let p(b) = 3*b - 11. Let l = -16 - -23. What is the units digit of p(l)?
0
Suppose 7*g = 4*g + 72. Suppose z + z = g. What is the tens digit of 3/((-36)/(-40))*z?
4
Let z(q) = -q**3 - 6*q**2. Let d be z(-6). Suppose 2*l - 2 = 2, d = -j - l + 116. Suppose j + 36 = 5*r. What is the units digit of r?
0
Let i(s) = 5*s**2 - 35*s + 162. What is the units digit of i(5)?
2
Suppose -2 = -r + 3*a + 3, 5*r + 5*a - 45 = 0. Let d = r - 4. Suppose 3*x - 100 = d*m + m, 4*x + m - 164 = 0. What is the units digit of x?
0
Suppose 2*f + 3*f = -4*f. Suppose i = 4*m - 574, -m + 149 = -f*m - 3*i. What is the units digit of m?
3
Suppose 0*u + 1485 = 9*u. Let a = -80 + u. What is the units digit of a?
5
Let m(d) = -d**2 - 67*d + 556. What is the tens digit of m(-40)?
3
Let j(w) = w**2 - w - 3. Let r be j(3). Suppose 0 = 3*v + 5*y + 44, -5*v + 18 = -r*y + 46. What is the units digit of v/((8/5)/(-4))?
0
Suppose -5*i + 160 = 5*i. Suppose 2*d - 2*u = 98, -3*u + i = -d + 67. What is the units digit of d?
8
Let i be ((-144)/45)/(1/5). Let h = -6 - i. Let z = 19 - h. What is the units digit of z?
9
What is the units digit of (-1)/(-10 + (-382690)/(-38270))?
7
Let n = 16 - 20. Let y(t) = -12*t - 7. What is the units digit of y(n)?
1
Suppose 63*s - 12863 = 44*s. What is the tens digit of s?
7
Suppose -133342 = -18*g - 40*g. What is the hundreds digit of g?
2
Let x be (11/(132/(-680)))/((-6)/9). Suppose -56 = -89*a + x*a. What is the units digit of a?
4
Suppose 0 = 5*u + 2*w - 35, 2*u = 4*u + w - 14. Suppose -495 = -u*r + 9. What is the tens digit of r?
7
Suppose 2*o + 9*a = 7*a + 244, 0 = -2*o + 5*a + 216. What is the tens digit of o?
1
Let b be (-18)/(-12)*(-8)/(-6). What is the hundreds digit of (0 - 191)*(-3 - b)/5?
1
Suppose -4*n + x = -9024, -n + 562 + 1705 = -3*x. What is the hundreds digit of n?
2
Suppose -j - 63 = -4*j. Let i = 3 - j. What is the tens digit of ((-24)/i)/((-4)/(-54))?
1
Suppose 6*d - d - 20 = 0. Suppose -4*z = -w + 17, w + z - 4 = d*w. What is the units digit of (w + (-21)/(-6))*28?
4
Suppose 4 + 5 = -v. Let r be (3/(-4))/(v/36). What is the units digit of 6/(-3) + r - -2?
3
Let w(x) = -36*x**3 + x**2 - 22*x - 82. What is the tens digit of w(-4)?
2
Let r(t) = -14*t**2 - 13*t**3 + 7*t**3 + 11 + 29*t + 7*t**3. What is the tens digit of r(12)?
7
Let u(a) = -2*a**3 - 31*a**2 - 8*a + 16. What is the hundreds digit of u(-16)?
4
Let i(t) = -91*t**2 - 2*t. Let o be i(1). What is the units digit of (-1 - o/21)*28?
6
Let c be (-1 - -14) + -5 + 5. Let d(n) = c - n**2 + 13 + 4*n - 20. What is the units digit of d(5)?
1
Let o = -31 - -42. Let v(a) = -13*a**3 - 5*a**2 + 6*a + 13. Let b(w) = 7*w**3 + 3*w**2 - 3*w - 7. Let k(d) = o*b(d) + 6*v(d). What is the tens digit of k(-2)?
1
Suppose 0 = -9*z + 14*z - 2880. What is the tens digit of z?
7
Let t = 1297 + -477. Suppose -3*d = -8*d + t. What is the units digit of d?
4
What is the hundreds digit of 5/(7*11/6314)?
4
Suppose 3*i + 32 = -5*i. What is the tens digit of (4/(-2 - i) - -2) + 43?
4
Suppose 2101 = 5*s + 2*j, s - 3*j + 2*j - 416 = 0. What is the units digit of s?
9
Let j = 401 - -48. What is the tens digit of j?
4
Suppose -5*u + 4*p = -60, 0 = 5*u - 2*u - 2*p - 34. Suppose 288 - 40 = u*a. What is the tens digit of a?
3
Let f(r) = -3*r**2 - r - 1. Let k be f(-1). What is the tens digit of k*(-10 + 1) - (-2 + 4)?
2
Let i = 45 + -12. Let x = -17 + i. Let t = x - 10. What is the units digit of t?
6
What is the thousands digit of (-4 - -2)*-547 - 1?
1
Suppose -2*c - a + 401 + 629 = 0, -2*a - 520 = -c. Suppose -2*d - 2*d + c = 4*m, 3*m + 9 = 0. What is the units digit of d?
2
Let k(n) = -46*n**3 - 2*n**2 - 2*n - 2. Let d be k(-1). Suppose -5*l + 5*p + 15 = 0, 2*l - 5*p - 13 = -2*l. Suppose -l*u + d = -22. What is the tens digit of u?
3
Let y be (0 - -56)/((-30)/(-135)) + 0. Suppose 3*q = 675 + y. What is the hundreds digit of q?
3
Let i be (2 + -1)/(488/164 + -3). Let t = 28 - i. What is the units digit of t?
9
Let c(s) = -s**3 + 2*s**2 + 5*s - 3. Let d be c(3). Suppose 0 = -5*q + d*r - 61, 2*q + 4*r + 68 = -2*q. What is the tens digit of (q/8)/(1/(-8))?
1
What is the hundreds digit of 0 + (-38)/171 + (-3485)/(-9)?
3
Let g = 40 - 38. Suppose -g*x - 2*x + 264 = 0. What is the tens digit of x?
6
Let w = 6 - 6. Let v(j) = -1. Let s(k) = -k**3 - k**2 + k - 21. Let x(l) = -s(l) + 3*v(l). What is the units digit of x(w)?
8
Suppose -4*k = -2*k - 6. Suppose -j - 10 = -k*j. Suppose -35 = -h - 3*g, j*h = 3*g + g + 118. What is the tens digit of h?
2
Suppose 2*s - 72 + 22 = 0. Let v(r) = -2*r + s*r**2 - 7 - 6 + 8 + 3. What is the tens digit of v(-1)?
2
Let z(l) = 4*l**2 + 6*l - 6. Let n(h) = h - 1. Let t(y) = -28*n(y) + 4*z(y). Let c be t(-3). Suppose c = -s + 5*s. What is the tens digit of s?
4
Let p = -241 + 355. What is the tens digit of (6/2)/(9/p)?
3
Let i = -1 + 5. Suppose 0*x = -i*x. What is the units digit of 15 + (1 - 3 - x)?
3
Suppose 4*b + 2*o - 4948 = 0, -o = 3*b - 1997 - 1716. What is the thousands digit of b?
1
Let h = 44 - 115. Let i = h - -74. What is the units digit of i?
3
What is the units digit of 1 - -34 - (-36 + 37)?
4
Let z(n) = -12*n + 3. Let w be z(7). Let m = 26 + w. Let o = m + 95. What is the tens digit of o?
4
What is the units digit of 240/200 + ((-4394)/(-5) - -1)?
1
Let t(p) = 202*p**2 - 1. Let n be t(-1). Let q = n - 140. Let c = q - 36. What is the units digit of c?
5
Let f(t) = 4*t**2 + 71*t + 92. What is the thousands digit of f(-32)?
1
Suppose -5*y + 3*z = -498, 6*z - 7*z + 4 = 0. What is the hundreds digit of y?
1
Suppose -27*x + 12289 + 5180 = 0. What is the hundreds digit of x?
6
Suppose 3*t - j = j + 44, 4*j + 4 = 0. Suppose -c = 3*n - t, 0*c + 3*c + 2 = 2*n. Suppose -4*a + 0*u + 68 = 3*u, -c*a + u = -34. What is the tens digit of a?
1
Suppose -o = k - 301, -293 = -0*o - o + 3*k. Suppose 119 = -12*t + o. What is the tens digit of t?
1
Suppose -4*o = -5*q - 712, 3*o - 534 = -0*o - q. What is the units digit of o?
8
Let q(d) = d**2 - 3*d - 9. Let j = 25 - 23. Suppose -j*a + 16 = -4*s, 4*s + 0*a = -3*a - 16. What is the tens digit of q(s)?
1
Let h = -14 + 28. Let l = -1 + h. What is the tens digit of l?
1
Suppose 5*c + 1422 = 6*z - 4*z, -4*z + 3*c + 2830 = 0. What is the units digit of z?
6
Let m = 827 + -305. What is the units digit of m?
2
Let n = -1973 + 6382. What is the units digit of n?
9
Let x(m) = m**2 - m - 3. Let r be x(2). What is the units digit of r*(2*-1 + -150 + 3)?
9
Suppose -f = -2*f + 2. Suppose a + f*a = v - 8, 0 = 5*v + 5*a. What is the units digit of 9*(-2 + 1 + v)?
9
Let j be (-2)/((-12)/9)*(-56)/21. What is the units digit of (-1 + -21)*(j + (-2)/(-1))?
4
Suppose -9*v + 78 = -165. Let b(w) = 2*w**2 - 4*w + 2. Let t be b(5). Let u = t - v. What is the units digit of u?
5
Let r(m) = m + 4. Let y be r(2). Suppose -n + y*n - 40 = 0. What is the units digit of n?
8
Suppose 0 = -2*o - 4*v - 16, 0 = o - 0*v + v + 9. What is the hundreds digit of (-5 - (o - -2))*137/3?
1
Let w(o) = o**3 - 8*o**2 + o - 1. Let y be w(8). Le